193927 a composite number?
True
Is 110809 composite?
True
Is 231817 composite?
True
Is 83663 a composite number?
False
Is 16319 a composite number?
False
Is 25523 a composite number?
False
Is 27533 composite?
True
Is 10397 a composite number?
True
Is 140443 prime?
True
Is 94991 prime?
False
Is 1931 a prime number?
True
Is 67819 composite?
False
Is 77081 prime?
True
Is 26659 a prime number?
False
Is 83537 a prime number?
True
Is 730589 prime?
True
Is 140401 prime?
True
Is 659181 a composite number?
True
Is 16691 a composite number?
False
Is 435037 composite?
False
Is 9871 prime?
True
Is 466793 composite?
True
Is 44777 composite?
False
Is 148223 prime?
False
Is 9277 a composite number?
False
Is 73969 a prime number?
False
Is 12283 a composite number?
True
Is 17371 a prime number?
False
Is 110863 a composite number?
False
Is 37919 composite?
True
Is 19219 prime?
True
Is 212081 prime?
True
Is 15173 a composite number?
False
Is 37243 composite?
False
Is 3630166 prime?
False
Is 52957 prime?
True
Is 13259 a composite number?
False
Is 1009811 prime?
False
Is 7115 a prime number?
False
Is 132403 composite?
False
Is 2453 composite?
True
Is 41117 a composite number?
False
Is 33107 a composite number?
False
Is 36397 a prime number?
False
Is 41507 prime?
True
Is 5981 prime?
True
Is 400483 prime?
False
Is 168067 composite?
False
Is 554311 composite?
True
Is 38111 composite?
True
Is 139157 a composite number?
True
Is 18593 a composite number?
False
Is 454463 a composite number?
True
Is 211319 a composite number?
False
Is 24277 a composite number?
True
Is 2671657 composite?
True
Is 578209 a composite number?
False
Is 188302 prime?
False
Is 1829 composite?
True
Is 747811 prime?
True
Is 1002797 prime?
True
Is 1163 composite?
False
Is 13309 a prime number?
True
Is 16015 prime?
False
Is 33703 a composite number?
False
Is 375189 a composite number?
True
Is 1115057 a prime number?
True
Is 23701 prime?
False
Is 30539 prime?
True
Is 42203 a prime number?
False
Is 124721 a composite number?
False
Is 43031 a prime number?
False
Is 708809 composite?
True
Is 542131 a composite number?
False
Is 6887 composite?
True
Is 196187 prime?
True
Is 815 composite?
True
Is 819707 a prime number?
False
Is 134 a composite number?
True
Is 42299 prime?
True
Is 403397 prime?
False
Is 31945 a prime number?
False
Is 61615 composite?
True
Is 44351 prime?
True
Is 209011 a prime number?
False
Is 4771 prime?
False
Is 845563 a prime number?
False
Is 13535 composite?
True
Is 2734 prime?
False
Is 1316177 a prime number?
True
Is 1263989 a composite number?
True
Is 151991 a prime number?
False
Is 256969 prime?
False
Is 61211 prime?
True
Is 32839 composite?
False
Is 236261 a composite number?
False
Is 901 a prime number?
False
Is 3829 prime?
False
Is 18977 prime?
False
Is 1757 prime?
False
Is 47155 a prime number?
False
Is 8261 prime?
False
Is 1931 composite?
False
Is 44794 a composite number?
True
Is 85859 a composite number?
True
Is 32061 prime?
False
Is 1154557 composite?
True
Is 31619 prime?
False
Is 10405 prime?
False
Is 74963 prime?
False
Is 124198 a composite number?
True
Is 1757 prime?
False
Is 75059 composite?
True
Is 8147 a composite number?
False
Is 257101 composite?
True
Is 383609 prime?
True
Is 1927297 a prime number?
True
Is 29311 composite?
False
Is 3521 a prime number?
False
Is 243517 composite?
False
Is 199687 composite?
False
Is 8849 prime?
True
Is 4126 composite?
True
Is 16361 a composite number?
False
Is 3099 a composite number?
True
Is 2182 composite?
True
Is 399353 composite?
False
Is 12721 a prime number?
True
Is 14479 a prime number?
True
Is 29077 composite?
False
Is 23857 composite?
False
Is 6197 composite?
False
Is 49721 composite?
True
Is 9431 composite?
False
Is 72763 a prime number?
True
Is 696961 composite?
False
Is 4377 a composite number?
True
Is 14351 composite?
True
Is 114679 prime?
True
Is 8663 a composite number?
False
Is 44519 a prime number?
True
Is 269741 a prime number?
True
Is 14047 a composite number?
True
Is 619757 a prime number?
False
Is 5855 composite?
True
Is 3163 composite?
False
Is 2629 a composite number?
True
Is 673747 composite?
False
Is 3255311 composite?
False
Is 13093 a composite number?
False
Is 796063 a composite number?
False
Is 73703 prime?
False
Is 773693 prime?
True
Is 2511389 a prime number?
True
Is 101579 prime?
False
Is 4271 a composite number?
False
Is 28958 a prime number?
False
Is 209787 a composite number?
True
Is 37405 composite?
True
Is 13487 composite?
False
Is 1402 prime?
False
Is 50359 a composite number?
False
Is 7639 a prime number?
True
Is 1673 prime?
False
Is 3589 composite?
True
Is 78389 prime?
False
Is 5287 a composite number?
True
Is 516199 a prime number?
True
Is 35059 composite?
False
Is 869 a composite number?
True
Is 552971 a composite number?
False
Is 28727 a composite number?
True
Is 3899 composite?
True
Is 67299 a prime number?
False
Is 73999 prime?
True
Is 7829 composite?
False
Is 168013 a composite number?
False
Is 7069 prime?
True
Is 41311 prime?
False
Is 113779 a prime number?
True
Is 30757 prime?
True
Is 9803 composite?
False
Is 2547731 a composite number?
True
Is 39003 composite?
True
Is 1227 a composite number?
True
Is 1631293 a prime number?
False
Is 657899 a composite number?
True
Is 660673 a composite number?
True
Is 159337 a composite number?
False
Is 4861 composite?
False
Is 157627 a prime number?
True
Is 53953 composite?
True
Is 18539 a prime number?
True
Is 162427 prime?
False
Is 324983 a prime number?
True
Is 52709 prime?
True
Is 2198545 a prime number?
False
Is 2073 a composite number?
True
Is 1130929 prime?
True
Is 17657 a composite number?
False
Is 52961 prime?
False
Is 3691 a composite number?
False
Is 672801 composite?
True
Is 66337 prime?
True
Is 16381 a composite number?
False
Is 138217 prime?
False
Is 4853 a prime number?
False
Is 1681 prime?
False
Is 37327 a prime number?
False
Is 179315 a composite number?
True
Is 276863 prime?
False
Is 161765 prime?
False
Is 12047 a composite number?
True
Is 22699 a prime number?
True
Is 15661 composite?
False
Is 1527431 a prime number?
False
Is 1923 a prime number?
False
Is 191 composite?
False
Is 15557 a composite number?
True
Is 748567 a composite number?
False
Is 9133 composite?
False
Is 23189 a prime number?
True
Is 17807 prime?
True
Is 13577 a prime number?
True
Is 20707 a composite number?
False
Is 274661 a composite number?
False
Is 2449 a prime number?
False
Is 1223403 composite?
True
Is 25057 a prime number?
True
Is 11863 a composite number?
False
Is 785 composite?
True
Is 105071 a composite number?
False
Is 766793 a composite number?
False
Is 232643 composite?
False
Is 432479 a prime number?
True
Is 10133 prime?
True
Is 7045 a composite number?
True
Is 19022 a prime number?
False
Is 11311 a prime number?
True
Is 16141 a prime number?
True
Is 919 a composite number?
False
Is 12607 prime?
False
Is 2767 prime?
True
Is 13033 composite?
False
Is 10207 a prime number?
False
Is 372971 a composite number?
False
Is 5077 prime?
True
Is 491 a prime number?
True
Is 49403 composite?
True
Is 35381 a composite number?
False
Is 3263 composite?
True
Is 1903 a composite number?
True
Is 791 a composite number?
True
Is 38903 a prime number?
True
Is 23369 composite?
False
Is 74687 a prime number?
True
Is 9586 a composite number?
True
Is 3223 prime?
False
Is 178547 prime?
False
Is 263819 a prime number?
True
Is 120317 composite?
True
Is 8387 a composite number?
False
Is 51209 a prime number?
False
Is 63991 a prime number?
False
Is 2417017 composite?
False
Is 3959 a composite number?
True
Is 9481 composite?
True
Is 9239 prime?
True
Is 629 prime?
False
Is 9569 a composite number?
True
Is 69 prime?
False
Is 38903 prime?
True
Is 800641 composite?
True
Is 122921 composite?
False
Is 739267 a prime number?
False
Is 15073 a composite number?
False
Is 3797 composite?
False
Is 39941 a composite number?
True
Is 3939811 composite?
False
Is 4679 prime?
True
Is 400429 a composite number?
False
Is 11589 composite?
True
Is 12763 composite?
False
Is 236255 prime?
False
Is 164813 composite?
True
Is 133769 a composite number?
False
Is 1838791 prime?
True
Is 26917 a prime number?
False
Is 3665 composite?
True
Is 52385 prime?
False
Is 1262342 composite?
True
Is 8707 composite?
Fals